is divided by 31.
29
Calculate the remainder when 445 is divided by 36.
13
Calculate the remainder when 66 is divided by 31.
4
What is the remainder when 25 is divided by 7?
4
What is the remainder when 287 is divided by 14?
7
Calculate the remainder when 46 is divided by 28.
18
What is the remainder when 21605 is divided by 10?
5
Calculate the remainder when 868 is divided by 256.
100
Calculate the remainder when 111 is divided by 35.
6
Calculate the remainder when 205 is divided by 26.
23
Calculate the remainder when 618 is divided by 156.
150
What is the remainder when 43 is divided by 23?
20
Calculate the remainder when 635 is divided by 139.
79
Calculate the remainder when 1724 is divided by 34.
24
What is the remainder when 182 is divided by 28?
14
Calculate the remainder when 1855 is divided by 40.
15
Calculate the remainder when 314 is divided by 43.
13
What is the remainder when 190 is divided by 96?
94
What is the remainder when 29 is divided by 4?
1
What is the remainder when 504 is divided by 142?
78
Calculate the remainder when 75 is divided by 38.
37
What is the remainder when 53 is divided by 16?
5
What is the remainder when 51 is divided by 31?
20
What is the remainder when 3430 is divided by 264?
262
What is the remainder when 420 is divided by 53?
49
Calculate the remainder when 2114 is divided by 703.
5
What is the remainder when 1403 is divided by 88?
83
What is the remainder when 1804 is divided by 43?
41
What is the remainder when 74 is divided by 8?
2
What is the remainder when 435 is divided by 141?
12
What is the remainder when 253 is divided by 22?
11
What is the remainder when 15 is divided by 4?
3
Calculate the remainder when 256 is divided by 65.
61
What is the remainder when 1537 is divided by 377?
29
What is the remainder when 162 is divided by 89?
73
Calculate the remainder when 597 is divided by 100.
97
Calculate the remainder when 57 is divided by 46.
11
Calculate the remainder when 52 is divided by 34.
18
What is the remainder when 1394 is divided by 15?
14
Calculate the remainder when 48 is divided by 5.
3
What is the remainder when 6795 is divided by 7?
5
Calculate the remainder when 303 is divided by 16.
15
What is the remainder when 153 is divided by 26?
23
Calculate the remainder when 3234 is divided by 1073.
15
What is the remainder when 420 is divided by 53?
49
What is the remainder when 4022 is divided by 1340?
2
Calculate the remainder when 397 is divided by 80.
77
What is the remainder when 472 is divided by 178?
116
What is the remainder when 258 is divided by 33?
27
Calculate the remainder when 441 is divided by 117.
90
What is the remainder when 815 is divided by 17?
16
Calculate the remainder when 14718 is divided by 20.
18
Calculate the remainder when 83562 is divided by 27.
24
What is the remainder when 284 is divided by 36?
32
Calculate the remainder when 82 is divided by 38.
6
Calculate the remainder when 787 is divided by 86.
13
What is the remainder when 99 is divided by 36?
27
What is the remainder when 10 is divided by 5?
0
Calculate the remainder when 3732 is divided by 17.
9
Calculate the remainder when 188 is divided by 5.
3
What is the remainder when 453 is divided by 119?
96
Calculate the remainder when 2350 is divided by 585.
10
What is the remainder when 137 is divided by 24?
17
Calculate the remainder when 3934 is divided by 146.
138
What is the remainder when 89 is divided by 26?
11
What is the remainder when 508 is divided by 6?
4
Calculate the remainder when 133 is divided by 17.
14
Calculate the remainder when 165 is divided by 22.
11
What is the remainder when 1128 is divided by 120?
48
What is the remainder when 2852 is divided by 42?
38
What is the remainder when 288 is divided by 41?
1
What is the remainder when 304 is divided by 61?
60
Calculate the remainder when 108 is divided by 10.
8
Calculate the remainder when 236 is divided by 7.
5
Calculate the remainder when 8 is divided by 1.
0
What is the remainder when 114 is divided by 10?
4
What is the remainder when 277 is divided by 9?
7
What is the remainder when 106 is divided by 46?
14
What is the remainder when 9028 is divided by 86?
84
What is the remainder when 3057 is divided by 762?
9
Calculate the remainder when 2777 is divided by 26.
21
What is the remainder when 2222 is divided by 122?
26
What is the remainder when 63 is divided by 5?
3
Calculate the remainder when 128 is divided by 71.
57
Calculate the remainder when 4727 is divided by 83.
79
Calculate the remainder when 894 is divided by 114.
96
Calculate the remainder when 1724 is divided by 62.
50
What is the remainder when 481 is divided by 95?
6
What is the remainder when 74 is divided by 36?
2
What is the remainder when 341 is divided by 8?
5
What is the remainder when 239 is divided by 40?
39
What is the remainder when 33 is divided by 28?
5
What is the remainder when 172 is divided by 57?
1
Calculate the remainder when 378 is divided by 10.
8
What is the remainder when 510 is divided by 15?
0
What is the remainder when 275 is divided by 20?
15
What is the remainder when 1162 is divided by 90?
82
What is the remainder when 251 is divided by 2?
1
What is the remainder when 222 is divided by 58?
48
What is the remainder when 1969 is divided by 52?
45
What is the remainder when 1017 is divided by 59?
14
Calculate the remainder when 58 is divided by 35.
23
Calculate the remainder when 92 is divided by 19.
16
What is the remainder when 2645 is divided by 42?
41
Calculate the remainder when 3260 is divided by 23.
17
What is the remainder when 609 is divided by 600?
9
What is the remainder when 5333 is divided by 23?
20
What is the remainder when 1901 is divided by 473?
9
Calculate the remainder when 135 is divided by 35.
30
What is the remainder when 15230 is divided by 68?
66
Calculate the remainder when 1090 is divided by 55.
45
What is the remainder when 44 is divided by 15?
14
What is the remainder when 19493 is divided by 171?
170
What is the remainder when 3800 is divided by 56?
48
What is the remainder when 866 is divided by 428?
10
Calculate the remainder when 628 is divided by 14.
12
Calculate the remainder when 1029 is divided by 11.
6
Calculate the remainder when 892 is divided by 891.
1
What is the remainder when 260 is divided by 181?
79
Calculate the remainder when 417 is divided by 20.
17
What is the remainder when 413 is divided by 13?
10
What is the remainder when 276 is divided by 73?
57
What is the remainder when 2279 is divided by 18?
11
What is the remainder when 905 is divided by 174?
35
What is the remainder when 1091 is divided by 78?
77
What is the remainder when 109 is divided by 20?
9
Calculate the remainder when 726 is divided by 56.
54
What is the remainder when 8173 is divided by 167?
157
Calculate the remainder when 4761 is divided by 951.
6
Calculate the remainder when 234 is divided by 43.
19
Calculate the remainder when 284 is divided by 22.
20
Calculate the remainder when 9203 is divided by 4.
3
Calculate the remainder when 1054 is divided by 33.
31
Calculate the remainder when 19832 is divided by 87.
83
Calculate the remainder when 19825 is divided by 23.
22
What is the remainder when 62 is divided by 16?
14
Calculate the remainder when 254 is divided by 18.
2
What is the remainder when 3066 is divided by 11?
8
Calculate the remainder when 151 is divided by 14.
11
What is the remainder when 270 is divided by 154?
116
Calculate the remainder when 81 is divided by 25.
6
What is the remainder when 4788 is divided by 35?
28
Calculate the remainder when 796 is divided by 38.
36
Calculate the remainder when 102 is divided by 50.
2
What is the remainder when 1115 is divided by 186?
185
What is the remainder when 486 is divided by 49?
45
Calculate the remainder when 4457 is divided by 6.
5
Calculate the remainder when 229 is divided by 121.
108
Calculate the remainder when 143 is divided by 75.
68
What is the remainder when 794 is divided by 100?
94
What is the remainder when 152 is divided by 4?
0
Calculate the remainder when 178 is divided by 64.
50
Calculate the remainder when 594 is divided by 21.
6
What is the remainder when 135 is divided by 47?
41
Calculate the remainder when 2545 is divided by 13.
10
What is the remain